he prime factors of v?
2, 3, 53
Let k be (104/14)/((-4)/(-14)). Let g = k - 37. Let s = 26 - g. List the prime factors of s.
37
Suppose 8*p + 42 + 46 = 0. Let r(s) = 2*s**3 + 4*s**2 + 4*s + 1. Let k be r(-3). Let u = p - k. List the prime factors of u.
2, 3
Let p = -7 - -12. Suppose 0*y = -p*y + 160. What are the prime factors of (y/(-2))/(-4) - -22?
2, 13
Suppose 15 + 1 = -4*n, 5*n + 20 = -4*d. Suppose -2*r - 4 = 0, -r - 4 = z + 2*r. Suppose 3*a - 4*x = 41, d = -z*x + x + 4. What are the prime factors of a?
19
Let u(y) = y**3 + 17*y**2 - 3*y + 13. What are the prime factors of u(-6)?
7, 61
Suppose -1692 = -10*f + 728. Suppose 2*t = -4*m + f, -t + 5*m = -21 - 135. List the prime factors of t.
131
Let r = 1007 - 478. List the prime factors of r.
23
Let d(g) = -14*g - 19. Let c be d(3). Let i = 103 + c. List the prime factors of i.
2, 3, 7
Let n be -1*(-2 + 8/(-1)). Let t = 37 - n. What are the prime factors of t?
3
Let a(q) = -q**3 - 2*q**2 - q + 1. Let h(n) = 9 - 4*n - 4*n + 2*n + 5*n. Let p be h(11). What are the prime factors of a(p)?
3
Let h(i) = -i**2 + 5*i + 31. Let r be h(8). Suppose r*o - 90 = 2*o. What are the prime factors of o?
2, 3
What are the prime factors of (46278/(-12))/(-9) + 20/8?
431
Suppose 3*g - 7 = -2*j, 12 = 5*j - j + 4*g. Let o be (-38)/(-5) + (-8)/(-20). Suppose -12 = -j*t + o. What are the prime factors of t?
2, 5
Let c = -63 + 95. Suppose 4*d - 240 = -c. List the prime factors of d.
2, 13
Suppose 2*s - 2*i = s + 181, -4*i = -8. What are the prime factors of s?
5, 37
Let x(l) = l**3 - 20*l**2 + 22*l + 41. List the prime factors of x(19).
2, 7
List the prime factors of (-16)/(-120) + 1 + (-8683)/(-15).
2, 5, 29
Let a(v) = 5*v**2 - 3*v + 4. Suppose -3 = -5*m - 23. What are the prime factors of a(m)?
2, 3
List the prime factors of (-14*4)/2*(-5151)/102.
2, 7, 101
Let c(n) be the third derivative of -7*n**6/120 + n**5/60 - n**3/6 + n**2. Let u be c(1). Let z = 16 + u. What are the prime factors of z?
3
Suppose -70 - 20 = -9*j. Let s(t) = t**2 + 9*t - 7. List the prime factors of s(j).
3, 61
Suppose -1755 = 6*u - 1737. Let p = 6 + -4. What are the prime factors of p + u/(-3) - -46?
7
Let m = 500 - 244. What are the prime factors of m?
2
Suppose 3*v = -2*v + 115. Suppose 3*o + 1 = t + 2*o, 2*o - v = -3*t. List the prime factors of (-20)/6*(-23 + t).
2, 3, 5
Let h be ((-201)/2)/((-2)/(-4)). Let n be h*8/(-12)*1. Suppose 2*s + 2*s = -5*o + n, 3*s - 5*o = 83. What are the prime factors of s?
31
Suppose 0 = 6*g + 20 + 16. What are the prime factors of (-4)/g*(-3234)/(-44)?
7
Suppose 5 + 7 = -m - 4*r, -2*r - 6 = 5*m. Suppose 4*n + 5*h - 1126 = m, 3*n + 0*h - 5*h = 862. What are the prime factors of n?
2, 71
Suppose 3*f - 13 = -1. Suppose 13 - 45 = -f*v. Suppose -v = -2*z - c, -z + 4*c - 20 = -6*z. List the prime factors of z.
2
Suppose 4*c - 32 = 3*c. Suppose -5*p + 5*l - 21 - 14 = 0, -4*p + 3*l = 29. Let v = c + p. List the prime factors of v.
2, 3
Suppose -220 = 5*v - 3*a, -2*v - 5*a - 11 - 46 = 0. Let y = 79 + v. Suppose -5*f + 0*w + 115 = -2*w, 0 = -3*f - 5*w + y. What are the prime factors of f?
3, 7
Suppose -2*v + 237 = -l, 4*l - 492 = -3*v - v. Suppose -v = -u - m, 2*u - 3*m = -0*u + 265. Suppose 5*q - u = -5. List the prime factors of q.
2, 3
Suppose -244*c = -246*c + 1866. List the prime factors of c.
3, 311
Suppose -t - 4*u = -1200, t - 6*t + 5885 = -3*u. What are the prime factors of t?
2, 5, 59
Suppose 4*d - 4*n + 4 = 0, 0 = 2*n - 8 + 2. Suppose -d*t = 3*t - 745. List the prime factors of t.
149
Suppose 226 = 2*h + 48. Let t = h + -33. Suppose 0 = -5*w + 4*p + t, 3*w - 15 - 5 = -p. List the prime factors of w.
2
Let u(l) = 61*l - 48. What are the prime factors of u(5)?
257
Suppose -5*x = 838 - 3423. What are the prime factors of x?
11, 47
What are the prime factors of (20/6)/(7/1659)?
2, 5, 79
Let y = 19 - 26. Let r(f) be the second derivative of f**4/12 + f**3 + 3*f. List the prime factors of r(y).
7
Let a(o) = -45*o. Let j(s) = -s + 1. Let g(q) = a(q) - 30*j(q). What are the prime factors of g(-7)?
3, 5
Let j be 32/14 + 4/(-14). Suppose 3*q = 3*k - 63, -2*q = -j*k + q + 37. List the prime factors of k.
2, 13
Suppose -10*n + 2*n - 136 = 0. Let p = n + 26. What are the prime factors of p?
3
Let y = -9 - -34. Suppose 5*d + 2*h = 410, -5*h - y = 3*d - 252. What are the prime factors of d?
2, 3, 7
Let k = 23 - 22. List the prime factors of (-2388)/(-15) + k/(-5).
3, 53
Let f(h) be the third derivative of h**6/120 - h**5/60 - h**4/24 + 5*h**3/3 - 2*h**2. Let u(k) = -k + 3. Let l be u(3). List the prime factors of f(l).
2, 5
Let r(g) = 6*g**2 - 27*g + 131. What are the prime factors of r(11)?
2, 5, 7
Suppose 2*i = -2*a - 2*a, -3*a + i = 0. Suppose -3*o - 4*v + 135 = a, -5*o = -5*v - 113 - 112. List the prime factors of o.
3, 5
Let c(y) = -y**3 - 6*y**2 - y + 14. Let h be c(-6). Let d = h - 16. List the prime factors of d.
2
Let z(n) = 6*n - 4*n + 144*n**2 - 67*n**2. What are the prime factors of z(1)?
79
Let b = 490 - 87. List the prime factors of b.
13, 31
Suppose -23*j + 40 = -24*j. What are the prime factors of 1426/10 - (144/j)/9?
11, 13
Let r(z) = z**3 - 2*z**2 + 13*z - 1. Let o(w) = 2*w**3 - 3*w**2 + 26*w - 2. Let m(g) = -4*o(g) + 9*r(g). What are the prime factors of m(6)?
7, 11
Let z be ((7124/(-8))/(-13))/(2/4). Let h = z - 63. What are the prime factors of h?
2, 37
Suppose 3*z = 3*n + 6, n + 2*z = 7*z + 14. Let w = 5 - n. Suppose -60 = -w*c + 6*c. List the prime factors of c.
2, 3
Let r(x) = -4*x + 11. Let m(h) = -h**2 - h + 8*h**2 + h**2 - h**3 + h**2 + 2. Let y be m(9). What are the prime factors of r(y)?
3, 13
Let r(z) = 19*z + 31. Let b be r(8). Let f = b - 72. What are the prime factors of f?
3, 37
Let v be 0 - (2 - 4) - 0. Suppose 4*a = -4*t + 20, 7 = -0*a + v*a - t. Suppose -r - 5*f = -12, -3*f + 99 = a*r - 0*r. List the prime factors of r.
3
Suppose -5*r = -4094 - 2421. List the prime factors of r.
1303
Suppose -24*p = -p - 24771. What are the prime factors of p?
3, 359
Let j be (-1)/(((-15)/1075)/3). Let f = j - 79. What are the prime factors of f?
2, 17
Suppose -5*x = 5*s - 90, 7*s - 11*s = x - 60. Suppose -7 = -2*f - 23. Let y = s + f. What are the prime factors of y?
2, 3
Let o(c) be the second derivative of 7*c**3/6 - 21*c**2/2 - 3*c. Let f be o(6). Suppose 2*r = f - 9. What are the prime factors of r?
2, 3
Let t(b) = -7*b**2. Let c be t(-1). Let w = 272 + -483. List the prime factors of c/42 + w/(-6).
5, 7
Let o = -21 - -26. Suppose 3*b - g - 61 = -6*g, g + 55 = o*b. Suppose m + b = 3*m. List the prime factors of m.
2, 3
Let g(i) = -i**2 - 15*i + 9. Suppose -3*t + 6 = -0*t. Let p = -13 - t. What are the prime factors of g(p)?
3
Let w(v) = 10*v**2 - 16*v + 18. Let d be w(16). Let h be -1 + d/2 + 2. What are the prime factors of (-2)/6 + h/21?
5, 11
Suppose -5*b + 0*z + z - 220 = 0, 2*b - 4*z + 88 = 0. Let s(u) = -u**2 + u - 3. Let k be s(5). Let a = k - b. What are the prime factors of a?
3, 7
Let y = -91 - -96. Suppose -y*k = -4*s - 295, -3*k + 3*s + 27 = -153. List the prime factors of k.
5, 11
Let d be ((2/(-4))/(3/222))/1. Let q(t) = -27*t - 1. Let u be q(1). Let o = u - d. List the prime factors of o.
3
Let n(s) = 2*s**3 - s**2 - 4*s. Let u be (-25)/(-10) + (-3)/6. Let c be n(u). Suppose -b - 2*b = c*k - 102, 4*k + 2*b = 100. List the prime factors of k.
2, 3
Suppose 2*u + u = 261. Suppose -p = -3*i - 48, 2*p - 5*i - 8 = u. List the prime factors of p.
3, 5
Suppose -39 = 4*s - 3*p - 111, 2*s - 4*p = 36. Let r = 6 + -18. Let o = r + s. What are the prime factors of o?
2, 3
Let i(f) = 5*f - f**2 - 2*f - 9 + 4*f + 58. List the prime factors of i(10).
19
Let d(c) = c**3 + 14*c**2 + 14*c - 7. Let r(i) = -i**3 - 13*i**2 - 14*i + 6. Let f(o) = 4*d(o) + 5*r(o). List the prime factors of f(-9).
2
Let m(v) = 5*v**2 - 9. Suppose -u - w - 13 = 2*w, 0 = 5*w + 15. What are the prime factors of m(u)?
71
Let n be (-9)/(0 - 3) - 3. Suppose n*y = 3*y. Suppose y = 4*w - 0*w - 104. What are the prime factors of w?
2, 13
What are the prime factors of ((-19)/(-2))/(((-117)/18)/(-13))?
19
Suppose 18 = 60*a - 57*a. Suppose -5*f - u = -308, a*u = -2*f + 3*u + 131. List the prime factors of f.
61
What are the prime factors of 5*16/(-520) + (-8894)/(-13)?
2, 3, 19
Let f = 53 + -13. Suppose f = 5*q - 280. What are th